hest common divisor of 242 and 40777.
121
What is the highest common factor of 32 and 5461616?
16
What is the greatest common factor of 2197 and 26?
13
Calculate the highest common factor of 6355678 and 42.
14
What is the greatest common divisor of 165 and 40560?
15
Calculate the highest common divisor of 171 and 777081.
57
Calculate the highest common divisor of 5997579 and 105.
21
What is the greatest common factor of 8280 and 16215?
345
Calculate the highest common factor of 79286 and 4292.
58
What is the greatest common factor of 293592 and 24?
24
What is the highest common divisor of 340 and 12170?
10
Calculate the highest common factor of 967 and 11363217.
967
Calculate the highest common divisor of 404 and 760934.
202
What is the highest common factor of 100880 and 2134?
194
Calculate the highest common factor of 4101 and 3.
3
Calculate the highest common divisor of 19311 and 10701.
123
What is the highest common factor of 210 and 241185?
105
What is the greatest common divisor of 75 and 873?
3
What is the greatest common factor of 109851 and 147?
21
Calculate the greatest common factor of 289436 and 140.
28
What is the highest common factor of 102719 and 1239?
59
Calculate the greatest common divisor of 1103562 and 1332.
666
Calculate the highest common factor of 67 and 2772527.
67
What is the highest common divisor of 100 and 18180?
20
What is the greatest common divisor of 35 and 10381?
7
What is the highest common divisor of 3 and 1511967?
3
Calculate the greatest common divisor of 5568 and 5952.
192
What is the greatest common divisor of 144 and 70803?
9
What is the highest common divisor of 105 and 504?
21
What is the greatest common divisor of 62 and 155093?
31
Calculate the greatest common factor of 336 and 39228.
84
Calculate the greatest common factor of 92728 and 670.
134
What is the greatest common divisor of 4 and 224952?
4
Calculate the greatest common factor of 180299 and 3612.
301
Calculate the greatest common factor of 61872 and 276.
12
What is the highest common divisor of 881280 and 15?
15
Calculate the greatest common divisor of 253991 and 8483.
499
Calculate the highest common factor of 364 and 2778958.
182
Calculate the greatest common divisor of 20 and 3012.
4
Calculate the greatest common divisor of 44093 and 434.
7
What is the highest common factor of 14 and 999054?
14
What is the greatest common divisor of 6650 and 790?
10
What is the highest common divisor of 3159 and 684?
9
What is the highest common factor of 11 and 1996390?
11
Calculate the greatest common divisor of 10 and 1105980.
10
Calculate the highest common divisor of 448 and 22456.
56
What is the greatest common divisor of 4878 and 279?
9
What is the greatest common factor of 116840 and 69?
23
Calculate the highest common factor of 244510 and 3626.
98
What is the greatest common divisor of 1712 and 100?
4
Calculate the highest common factor of 32 and 1013248.
32
Calculate the greatest common divisor of 486 and 1056186.
54
Calculate the highest common factor of 2285 and 49813.
457
Calculate the highest common factor of 3737 and 1111.
101
Calculate the greatest common divisor of 195039 and 27.
9
What is the highest common divisor of 106 and 125027?
53
What is the greatest common divisor of 2866 and 46?
2
What is the greatest common factor of 24 and 38856?
24
Calculate the highest common factor of 8 and 8098.
2
Calculate the highest common divisor of 611 and 1974.
47
What is the highest common factor of 62 and 27838?
62
What is the highest common factor of 312 and 666120?
312
What is the highest common divisor of 1716 and 44148?
156
What is the highest common divisor of 150290 and 35030?
1130
What is the greatest common divisor of 229 and 568?
1
What is the greatest common factor of 4220 and 180?
20
What is the highest common divisor of 48969 and 261?
9
What is the highest common divisor of 3933 and 2394?
171
Calculate the highest common divisor of 4320 and 9000.
360
What is the highest common divisor of 119664 and 864?
432
Calculate the greatest common divisor of 19969 and 114.
19
What is the greatest common divisor of 13276 and 8?
4
Calculate the highest common factor of 85514 and 22126.
598
Calculate the greatest common factor of 250 and 110850.
50
Calculate the highest common divisor of 84220 and 10.
10
What is the highest common divisor of 1075221 and 945?
189
What is the highest common factor of 163296 and 18?
18
What is the highest common factor of 6752 and 24?
8
What is the greatest common divisor of 19 and 2022?
1
Calculate the greatest common divisor of 145 and 1194394.
29
Calculate the greatest common factor of 9889 and 93.
31
What is the greatest common factor of 5338 and 6594?
314
Calculate the greatest common factor of 1023 and 96503.
341
Calculate the highest common factor of 62726 and 790.
158
Calculate the greatest common divisor of 8574396 and 114.
114
Calculate the highest common divisor of 448282 and 203.
29
What is the greatest common divisor of 55305 and 45?
45
Calculate the highest common factor of 29 and 2117.
29
What is the highest common divisor of 535 and 955?
5
What is the highest common factor of 296 and 3437004?
148
Calculate the highest common factor of 16 and 46448.
16
What is the highest common factor of 364 and 36932?
28
Calculate the greatest common factor of 2837552 and 16.
16
What is the highest common divisor of 628 and 357332?
628
What is the highest common divisor of 506 and 1754302?
506
Calculate the highest common divisor of 10036 and 52.
52
What is the greatest common factor of 5504831 and 557?
557
Calculate the highest common divisor of 611 and 8567.
13
What is the greatest common divisor of 309 and 33063?
309
What is the highest common factor of 1467521 and 178?
89
Calculate the highest common divisor of 5834 and 64.
2
Calculate the greatest common factor of 13680 and 3876.
228
What is the highest common divisor of 25434 and 60?
6
Calculate the greatest common factor of 1181202 and 2904.
726
Calculate the highest common divisor of 80 and 119220.
20
What is the highest common divisor of 107382 and 3?
3
What is the highest common divisor of 3204672 and 192?
192
What is the highest common factor of 55781 and 66?
11
Calculate the highest common divisor of 8855182 and 98.
98
What is the greatest common factor of 20 and 641055?
5
Calculate the highest common divisor of 638455 and 5.
5
Calculate the greatest common factor of 594 and 124443.
297
Calculate the highest common factor of 62 and 13144.
62
What is the highest common factor of 50 and 108830?
10
What is the greatest common divisor of 11381 and 14592?
19
What is the greatest common factor of 340513 and 167?
167
What is the highest common factor of 841 and 16153?
29
What is the highest common factor of 12 and 2528?
4
Calculate the greatest common divisor of 4994 and 1474.
22
Calculate the highest common divisor of 54992 and 560.
112
Calculate the highest common factor of 64213 and 1227.
409
What is the greatest common divisor of 40 and 481368?
8
What is the highest common factor of 212 and 1472976?
212
What is the highest common divisor of 45085 and 1065?
355
Calculate the greatest common divisor of 260 and 3231085.
65
What is the greatest common divisor of 1127946 and 1590?
318
Calculate the highest common divisor of 417240 and 366.
366
What is the highest common divisor of 938115 and 45?
45
What is the highest common factor of 1090 and 453113?
109
What is the highest common factor of 72 and 16101?
9
Calculate the greatest common factor of 2002 and 355817.
77
What is the greatest common factor of 3 and 3548667?
3
What is the greatest common divisor of 639 and 590649?
213
What is the highest common factor of 21819 and 441?
21
Calculate the greatest common factor of 88796 and 12008.
316
What is the highest common factor of 27580 and 210?
70
What is the greatest common divisor of 4123 and 44051?
217
What is the highest common divisor of 182 and 12493?
13
What is the greatest common factor of 96 and 273816?
24
Calculate the greatest common divisor of 392 and 94444.
28
Calculate the greatest common factor of 22560 and 105.
15
Calculate the highest common divisor of 873 and 69646.
97
Calculate the greatest common divisor of 1140 and 81990.
30
Calculate the gr